4*k = 4*n + 30 + 6, -4*k + 33 = -3*n. Suppose 3*r - k - 6 = 0. Suppose -r*l + 244 = -2*q + 1254, 2*q + 5*l - 983 = 0. Is q a prime number?
True
Let u(i) = 221*i**2 - 3*i - 16. Let n be u(3). Suppose -3*l = -7*l + n. Is l prime?
True
Let m = -329663 + 934830. Is m a composite number?
False
Suppose 153 = 56*q - 71. Suppose 2*k = -3*k + 3930. Suppose -b + 3*b = -2*r + k, 4*r = q*b - 1556. Is b a prime number?
False
Let r(b) = -99*b + 11. Let t be r(-3). Let n(c) = c**3 + 3*c**2 - 1. Let p be n(-2). Suppose -p*a + 481 = -t. Is a prime?
True
Is ((-24)/90)/(38/(-27156795)) a prime number?
False
Suppose -z + 344 = 5*h, -5*h - 2*z = -3*z - 336. Let r = h - -71. Is r prime?
True
Is (2576092/(-230))/(84/(-135) - (-6)/27) a prime number?
True
Let j be 1 + 0/(-3) - (9 - 11770). Let f = -6099 + j. Is f prime?
False
Let w(d) = 153*d**2 + 68*d - 45. Is w(20) prime?
False
Let j(x) = 615*x**3 + 17*x**2 - 25*x - 234. Is j(7) prime?
True
Is ((-868)/(-31) - 29)*(-2 - 326496/1) a prime number?
False
Suppose -39*p = 56*p - 13153768 - 4451917. Is p composite?
False
Suppose 0 = 3*x - 3*y + 552, 2*y - 16 = -2*y. Is 579480/x*((-6)/4 + 0) a composite number?
True
Suppose -3*x + 945 = x - 5*n, -4*x - 4*n = -936. Let i(p) = 44*p - 141 - 141*p - x*p + 96. Is i(-7) composite?
True
Let t be 4/26 - (-720)/52. Is 13/((-637)/(-236705)) + 4/t a composite number?
False
Let t = -189 + 196. Suppose 10*i = j + t*i - 152, 137 = j + 2*i. Is j prime?
False
Let w(p) = p**3 + 10*p**2 - 3*p + 12. Let s be w(-10). Let o = 43 - s. Is (-9)/((-9)/296) - o a prime number?
False
Let n be (-6)/(5/(-65)*3). Let i(q) = -q**2 + 32*q + 53. Is i(n) composite?
True
Suppose -3879559 + 871236 - 3103892 = -45*f. Is f composite?
True
Suppose 0 = -6*y + 5*y, 4*s = y - 8. Let x be 2/(s + 0) - -519. Suppose 72 = -2*m + x. Is m prime?
True
Suppose -d - 22 = 3*j, -3*j = 5*d - 0*j + 50. Let m(r) = 2*r + 37. Let n be m(d). Let y(f) = 42*f + 19. Is y(n) a composite number?
True
Suppose -33*h - 20 = -37*h, 0 = -4*s + 3*h + 868901. Is s a prime number?
True
Suppose -5*p + 3627458 = -2*l, -2139254 = -5*p - 2*l + 1488188. Is (p/20)/9 + 2/4 prime?
False
Let v be 12/(-30) - 144/15. Is (-14428)/8*v/(-4 - -9) composite?
False
Suppose -4*t = 3*h + t - 12, 0 = 3*t. Suppose -5*y - 18 = f, 3 = -h*f + y - 6. Is ((-4)/(-1) + f)*191/1 a prime number?
True
Let u = -1586 + 578. Let c = -169 - u. Is c a prime number?
True
Let q(j) = -2*j**3 - 131*j**2 - 33*j + 128. Is q(-70) a prime number?
False
Is (24/(-32)*2)/((-1)/1335956*6) composite?
False
Is (52435 - (1 + -2)) + 24/(-88)*11 prime?
True
Is (72702/144)/(11/88) a prime number?
False
Is (-2)/16 + -11 + 105331216/128 a composite number?
False
Is 2 + -7 + 3 + (17 - -34532) prime?
False
Let p = -38 + 40. Suppose 51 = p*c - 9. Let m = 67 - c. Is m prime?
True
Suppose -120*m = -119*m + 2*n - 68031, 5*m - 3*n = 340220. Is m prime?
True
Suppose -2*a + 79 = 5*b + 280, -3*b - 121 = a. Let h = b + 45. Suppose -5*f + 2*q + 3955 = 0, 2*f - 694 - 912 = -h*q. Is f prime?
False
Is (5/(-20)*-22 + -4)/((-24)/(-13089488)) composite?
False
Let x(f) = -f + 20. Let j(r) = 2*r - 21. Let s(z) = -3*j(z) - 4*x(z). Let q be s(-11). Suppose 0 = -q*a + 1432 - 257. Is a prime?
False
Suppose 115 = -7*t + 17. Is 3 + t/(-21)*669 composite?
False
Let v be 1/7 - (-10)/420*-174. Is (-102116)/(-28)*v/(-14) a prime number?
False
Let v(f) = f + 1. Let m be v(3). Suppose -4*o - 35 = -u + 124, -m*o = u - 183. Let r = u + -30. Is r composite?
True
Suppose 44*z = -37*z - 21*z + 798762. Is z composite?
True
Let t be (-14)/(-42)*(13/1 + -1). Suppose s - j = 7508, -4*j + 8 - t = 0. Is s a prime number?
False
Is (2/30)/((-2)/(-4)) - (-454413723)/765 prime?
False
Let t(s) = 11*s**2 + 94*s - 1171. Is t(102) a prime number?
True
Suppose 3*w - 98553 = -3*j, -3*j - 183085 = -4*w - 51695. Is w composite?
True
Suppose 269*f - 19299723 - 3028598 = 46*f. Is f a prime number?
False
Is 18/(-2) + (-90823800)/(-570) a prime number?
False
Let p(v) = 21*v**3 - 2*v**2 + 4*v - 12. Let f = 721 - 714. Is p(f) a prime number?
True
Let s be (-19626)/(-15) + 24/(-60). Suppose u + 4*f - 674 = 0, f - 689 = -4*u + 3*u. Let c = s - u. Is c prime?
False
Let u be 3 - (-6)/(18/34851). Suppose -f + 2*q + u = -673, -49139 = -4*f - 3*q. Is f a prime number?
False
Let c = -52774 - -93117. Is c a composite number?
False
Suppose -414505 = -q + 1289449 - 452127. Is q composite?
False
Suppose j = -5*i + 26300, -i - 13*j + 16*j + 5276 = 0. Is i a prime number?
True
Suppose 0 = -2*o - 8, 2*d - 211956 - 876978 = 5*o. Is d composite?
True
Suppose -2*p + 15 = 3*h - 4*p, -3*h = 3*p - 30. Suppose 15*s - 6 = -6. Suppose s*d = -h*d + 1477. Is d a prime number?
True
Let n(q) = 2*q**3 - 54*q**2 + 50*q + 57. Let m be n(26). Suppose 4*d - 10 - 2 = 0. Suppose -d*w = -m*z - 6916, -5*w - 2*z = -3379 - 8158. Is w composite?
True
Let d = 114286 + -29795. Is d a prime number?
False
Let d(q) = -q**3 + 30*q**2 + 30*q + 40. Suppose 0 = -4*c + 2*s - 3*s - 144, 0 = 3*s + 12. Let o = c - -62. Is d(o) a composite number?
False
Suppose 59 = -5*w + 49, -4*v + w + 1543518 = 0. Is v a composite number?
True
Let y be (-2 - 852/(-6)) + 2. Let k = y + -142. Suppose -5*f + 79 = -b + 752, k = -f. Is b prime?
True
Let p be (-72)/(-33) + 3/33*-2. Let d(m) = 37*m**2 - 7*m + 35*m**2 + 19 - 69*m**p. Is d(-10) composite?
False
Let q(f) = -222*f**3 + f**2 - 2*f + 1. Suppose 0 = 2*x - 2 - 2. Let l be q(x). Let n = l - -3240. Is n a prime number?
False
Let h be -2 - (1 + -5)/2. Suppose -20*f - 11710 + 51290 = h. Is f prime?
True
Let f(a) = 187*a + 111. Let s be f(-13). Let w = s + 4302. Is w a composite number?
True
Let w(n) = -7231*n + 88. Is w(-21) composite?
False
Let l(k) = 2*k**3 + 29*k**2 - 13*k + 33. Let p be l(19). Suppose -3*y = -2*q - p, -5*q - 3941 = -y + 4037. Is y prime?
True
Let s = -4928 - -19861. Is s a composite number?
True
Suppose -3*w = -2*b + 20, -5*b = -w - 41 - 9. Let a be 3/(54/112695) + (595/102)/35. Suppose -b*t = -14729 - a. Is t a composite number?
False
Let r be 0 + (3 + 0 + 1 - 49). Is (251/2)/(-4 - r/10) a composite number?
False
Let o(r) = -1. Let p(f) = f - 6. Let l(v) = -4*o(v) - p(v). Let i be l(2). Let a(z) = 7*z**2 + 14*z - 3. Is a(i) a composite number?
False
Let x(t) = 35*t**3 + 11*t**2 + 6*t + 22. Let h(o) = -52*o**3 - 16*o**2 - 9*o - 32. Let d(k) = 5*h(k) + 7*x(k). Is d(-3) a prime number?
False
Let h = -8087 + 14104. Is h composite?
True
Let k(v) = 2*v**2 - 2*v - 8. Let p be k(-3). Is 20316/p*(-4)/(-3) a composite number?
False
Let j be -4 + 0 - (-12928 + -5). Is 1/(6/(-21) + 3701/j) prime?
True
Let q(d) = -4*d**3 - 22*d - 19. Let u be q(-25). Suppose p - 15262 - 22558 = -3*n, 4*p - u = -5*n. Suppose 0 = 31*t - 38*t + n. Is t a composite number?
False
Is ((-36310)/20 + 10)*(-64 + -2) + -4 a composite number?
False
Suppose 3*l = 4*h - 40208, 7*l - 8*l = 3*h - 30156. Let f = h + 27987. Is f a prime number?
True
Suppose 4*t = 10 + 6. Suppose 2*z = 2*o + 2, 0*o + t*z - 16 = -2*o. Is (o - 3) + 3 + 783 a prime number?
False
Let t be 225752/(-10) + (-440)/50 + 8. Let l = t + 37781. Is l composite?
True
Let k = -243 + 247. Suppose -5*i = -h - 6056, 3*h - 6589 = -k*i - 1748. Is i a prime number?
False
Suppose 3*t + 785780 = 5*g, 5*t = 4*g - 145054 - 483557. Is g a composite number?
True
Let n(z) = 75933*z + 446. Is n(7) a prime number?
True
Suppose -27*k - 3*k + 6819747 = -9242463. Is k a composite number?
True
Let k = -234 + 238. Suppose 0 = -4*j + 4*q + 72532, -2*q - 54397 = -k*j + j. Is j prime?
True
Suppose 13*d + 85 = 8*d. Let i = d + 7. Let f(z) = -z**2 - 21*z - 21. Is f(i) composite?
False
Suppose -2*q = 5*g - 1839, 5*q - 6*g + g - 4545 = 0. Suppose 797 = j - q. Is j a composite number?
False
Let v(q) = -q**3 - 6*q**2 + 5*q - 12. Let u be v(-7). Is (-1)/(1/u)*45104/(-32) composite?
False
Is ((-6644)/(-8) - 2)/(7 - (-2964)/(-424)) prime?
False
Let p(s) = 1162*s**2 - 70*s + 53. Is p(15) a composite number?
False
Suppose -4*n + 5*p + 34 = 0, -2*p + 5 - 1 = 0. Suppose -8396 = -n*g + 9*g. Is g composite?
True
Suppose -6*w - 170607 + 595195 = -396146. Is w a prime number?
False
Let g(u) = -2*u - 21. Let a = -99 + 86. Let n be g(a). Suppose 6*d - 173 = n*d - 3*l, -4*l = -2*d + 366. Is d prime?
True
Suppose j = -5*u + 16745, 7*u = 5*j + 6*u - 83569. Is j composite?
